Let c(z) = 2*z**3 + 11*z**2 + z - 23. Let k be c(-5). What is the thousands digit of ((-297)/36)/(k/688)?
1
Suppose -5*f - 410 = -2*t + 700, -f = -5*t + 2729. Suppose -17*l + 18*l - t = 0. What is the hundreds digit of l?
5
Let s(a) = -16*a**2 + 2. Let t be s(1). Let w = t - 23. Let p = w + 188. What is the tens digit of p?
5
Let a(n) = -n**2 - 5*n - 2. Let v be a(-2). Let x(b) be the second derivative of b**4/6 - b**3/6 - b**2/2 - 2*b - 39. What is the units digit of x(v)?
7
Let y = 14207 + -7865. What is the units digit of y?
2
Suppose -47*k = -50*k + 15. Suppose k*o + 3 = -4*j, 3*j + 0*o - 5*o - 24 = 0. Suppose 0 = -3*m - y + 101, j*m = -2*y - 0*y + 106. What is the units digit of m?
2
Let l be (-3 - -13)/5 - 28. Let n = l - -70. Suppose x - 2*u - n = 0, 7*x - 3*x + 3*u - 231 = 0. What is the units digit of x?
4
Suppose -15876 = 10*i - 37*i. What is the hundreds digit of (-15)/((-105)/14) + i + 0?
5
Let h(z) = 3*z**3 + z**2 + z - 2. Let l be h(2). Suppose 0 = -l*c + 3256 + 2708. What is the units digit of c?
3
What is the ten thousands digit of (-1070839)/(-28) - (9 - 5) - (-6)/(-24)?
3
Let j = 168 + -167. What is the tens digit of j + 2 + (0 - -448)?
5
Let u = 59 - 59. Let i be (3/(-2) - u)/((-6)/(-8)). What is the tens digit of -1 - ((-12)/(-8) - (-45)/i)?
2
Suppose 3*v - 110307 = 14*i - 31449, 52652 = 2*v + 4*i. What is the tens digit of v?
1
Let v = -51 - -71. Suppose -v*d - 104 + 504 = 0. What is the tens digit of d?
2
Let q(o) = -404*o + 2840. What is the units digit of q(-12)?
8
Suppose -3*m = 5*b - 44, 3*b + m - 20 = -4*m. Let i be ((-16)/b)/((-22)/55). Let u(a) = a**3 + a**2 + a + 1. What is the tens digit of u(i)?
8
Let d be ((117/(-15) - 1) + 2)*-105. Let k = 2480 - d. What is the units digit of k?
6
Let x(m) = -3*m + m**2 - 22 - 5*m + 5 + 0*m. What is the tens digit of x(22)?
9
Let f(n) = -1126*n - 28. Let g be f(15). Let m be g/(-44) - 1/2. Suppose -3*x = -i - m, -i = -2*i. What is the units digit of x?
8
Let u be -4*(0 - 10) + (207/(-23))/(-3). Let o(j) = 49*j**2 - 4*j - 5. Let w be o(-4). Suppose u*k = 40*k + w. What is the hundreds digit of k?
2
Let v(h) = 44*h - 126. Let u(g) = 88*g - 257. Let r(i) = -3*u(i) + 5*v(i). What is the tens digit of r(-25)?
4
Suppose -2866*m + 2832*m = -136. Suppose -3*z + 87 = 18. What is the tens digit of (21 - z)/(m/(-214))?
0
Let l(b) = -1969*b - 596. What is the tens digit of l(-5)?
4
Let p(r) be the first derivative of 46*r**3/3 + 4*r**2 - 3*r + 1. Let x be p(3). Suppose 13*b + x = 18*b. What is the units digit of b?
7
Let k = -8564 - -20678. What is the thousands digit of k?
2
Let i(g) = -g**2 - 103*g + 3937. What is the tens digit of i(0)?
3
Suppose -g - 2*s + 1600 + 6532 = 0, -s = 5*g - 40696. What is the tens digit of g?
4
Let k be 5 + (-77)/15 - (-9626)/(-30). Let b be (-3 - k/(-12) - 1)*-4. Suppose -3*a + 381 = b. What is the tens digit of a?
8
Let p be 2/(4/3) - 21/(-6). Suppose j - 11 = -p*a, 5*a - 3*a - 2 = 2*j. What is the tens digit of 2 - -2 - a - -111?
1
Let x = -4016 - -20517. What is the ten thousands digit of x?
1
Let m(l) = -14 - l + 0*l - l + 54. Let w be m(20). Suppose -3*s - 224 = -d - 72, d + s - 144 = w. What is the tens digit of d?
4
Suppose 1844 = 4*p + 4*k, -11*p - 5*k = -16*p + 2285. Suppose -2216 = 455*d - p*d. What is the hundreds digit of d?
5
Suppose -14994 = -3*t - 19*i + 22*i, t - 4988 = -i. What is the tens digit of t?
9
Suppose 16 = x + 15. Suppose k = -x, 0*a - k = -a + 54. What is the tens digit of a - -5 - -2*1?
6
Let q(x) = 226*x**2 + 218*x - 33. What is the tens digit of q(-6)?
9
Let l(i) be the first derivative of -11*i**3/3 + 31*i**2/2 + 15*i - 34. Let f(v) be the first derivative of l(v). What is the tens digit of f(-6)?
6
Let n = -18 - -12. Let d(b) = -4169*b + 4160*b + 7 - 21. What is the tens digit of d(n)?
4
Suppose 0 = 4*y + i - 48019 - 54149, 0 = -4*y - 2*i + 102160. What is the hundreds digit of y?
5
Let h = 1874 + 1659. What is the tens digit of h?
3
Suppose -8*n + n + 35 = 0. Suppose 8*q = 2*b + 4*q - 550, n*b - 1417 = -4*q. What is the tens digit of b?
8
Let f(v) = 7*v**2 + 5*v - 100 + 204 + 3*v**3 - 96. What is the tens digit of f(4)?
3
Suppose -4*i + 5 = -11. Let h(z) = z + 10. Let d be h(-19). What is the tens digit of (i - -5)*(-24)/d?
2
Let s(v) = 3*v - 3. Let n be s(23). Let h(q) = -11 + n*q - q - 1. What is the hundreds digit of h(3)?
1
Suppose 4*d + 2 = -5*r, 2*d - 4*r = -8*r - 4. Suppose -2*c - 3*g = 45, -23 = 5*g + d. What is the hundreds digit of ((-4074)/c)/2 - 2/(-10)?
1
Let i(d) = 242*d + 1594. What is the tens digit of i(30)?
5
Let r(t) = -37*t - 13. Let n be r(-11). Let v = n - 265. What is the units digit of v?
9
Suppose p + 7*p = 240. What is the tens digit of 2*-52*p/(-24)?
3
Suppose w = -12 - 8. Suppose 0 = -a + 13*a + 24. What is the units digit of (-2352)/w + a/(-5)?
8
Suppose -15 = -5*s - 0. Suppose 46 = 17*a - 15*a - 5*g, -g = -5*a + 138. Suppose v - 23 = -2*i, s*v + 2*i - a = 61. What is the units digit of v?
3
Let f(x) = 7783*x - 4778. What is the units digit of f(5)?
7
Suppose -19*z - 10*z = -20*z - 22599. What is the tens digit of z?
1
Let d be (-7284)/(-18) - 3/(-18)*-4. Suppose -1432 = -4*y - d. What is the units digit of y?
7
Let a = 6595 - 6339. Let n(w) = -w**3 - 2*w**2 + 1. Let r be n(-1). Suppose -4*q = -3*m + 930 - 206, r = -m + 5*q + a. What is the hundreds digit of m?
2
Let n be (6/(-4))/((-2)/(-132)). Let s(u) = -41*u + 61. Let d be s(-3). Let z = n + d. What is the units digit of z?
5
Suppose 2*s - 3 = -2*j + 7*s, s + 23 = 2*j. Let d(i) = j - 11*i + 12*i + 1 + 25*i. What is the tens digit of d(3)?
9
Let u be (-288)/28 - (-8)/28. What is the units digit of (-3632)/u + -3*6/90?
3
Let z be (0 - -1)/(-3 + 2). Let r(a) = -10*a + a - 5 - 13*a. What is the units digit of r(z)?
7
Suppose -509 = 36*j + 31. Let l(k) = -66*k - 76. What is the units digit of l(j)?
4
Let c be 0 + -2 + (-6 - -96). Let b = 92 - c. What is the units digit of b/(-6) + (-2125)/(-15) + -7?
4
Let r(n) = 2*n**2 + 124*n - 33. What is the hundreds digit of r(63)?
7
Let q(d) = 36*d + 28. Let k be (8 + -14 + 7)/((-1)/(-8)). What is the tens digit of q(k)?
1
Let o = 1943 - -3062. What is the tens digit of o?
0
Suppose -5*y - 20 = 0, 0*y - y + 198 = 2*d. Suppose 0 = 2*o - 9 - d. Suppose -5*a - o = -5*j, -7*a = -2*a + 15. What is the units digit of j?
8
Let t(f) = 2*f**3 + 32*f**2 + 51*f - 292. What is the hundreds digit of t(16)?
9
Suppose -3*s = 4*b - 5857, 5*b - 6161 - 1163 = -s. Suppose -3*c = 277 - b. What is the tens digit of c?
9
What is the units digit of 26987/(6/24*2*1)?
4
Suppose -1029504 = -4352*m + 4296*m. What is the units digit of m?
4
Let z(r) = -101*r**2 + 10*r + 22. Let a(q) = q**2 + 3. Let k(s) = -2*a(s) - z(s). What is the tens digit of k(-3)?
9
Let i = -32 + 36. Let w(t) = 6*t**3 - 2*t**2 - 3*t + 3. What is the tens digit of w(i)?
4
Let n(v) = -5*v**3 - 2*v**2 - 9*v. Let j(r) = 15*r**3 + 6*r**2 + 26*r. Let x(w) = -3*j(w) - 8*n(w). What is the units digit of x(-4)?
2
Suppose -4*s = -0*s + 12547 - 33715. What is the tens digit of s?
9
Let w(o) = -195*o + 115*o + 13 + 104*o. What is the tens digit of w(12)?
0
Suppose 3*f + 2*w = -29 + 123, 2*w - 4 = 0. Let k(c) be the third derivative of c**4/8 - 7*c**3/3 + 181*c**2. What is the units digit of k(f)?
6
Let a = -10851 - -50725. What is the thousands digit of a?
9
Suppose -217634 = 9*u - 27*u + 68188. What is the hundreds digit of u?
8
Suppose 62299 = 2*x - 3*h, -7*h = x - 11*h - 31132. What is the tens digit of x?
6
Let c be (-2360)/72 - 2/9. Let g be 5/1 + -3 - c. What is the units digit of 2/10 - (-1953)/g?
6
Let t(l) = 2*l**2 - 14*l. Let j be t(7). Suppose 6*g - 1473 - 69 = j. What is the units digit of g?
7
Let a(j) = -2*j**2 + 32*j + 40. Let z be a(17). Let d be 7 + z + (-15)/5. Suppose -10 - d = -5*m, 179 = k + 2*m. What is the tens digit of k?
7
Let m(s) = 11*s**2 + s. Let c be m(-9). Let h = c - 86. What is the units digit of h?
6
Suppose 12*p - 9*p + 2*c = 57590, -3*p + 8*c + 57520 = 0. What is the thousands digit of p?
9
Let z = 38838 - 22547. What is the hundreds digit of z?
2
Let r = -1335 - -2192. Let x = -513 + r. What is the hundreds digit of x?
3
Suppose 2*v - 33753 = -5*n, -2*v + 30200 = 4*n - 3556. What is the ten thousands digit of v?
1
Suppose 4*k - 36 =